{"id":3853,"date":"2023-10-25T20:44:37","date_gmt":"2023-10-25T18:44:37","guid":{"rendered":"http:\/\/www.lesamisdelaigle.com\/?page_id=3853"},"modified":"2023-10-25T20:46:20","modified_gmt":"2023-10-25T18:46:20","slug":"wp-sortie-du-26-juin-2022","status":"publish","type":"page","link":"https:\/\/www.lesamisdelaigle.com\/?page_id=3853","title":{"rendered":"Sortie du 26 juin 2022"},"content":{"rendered":"\n<p class=\"has-medium-font-size\">Sortie du 26 juin 2022&nbsp;: Les Manoirs du Perche<\/p>\n\n\n\n<p>Nous sommes 48 participants \u00e0 monter dans le car pour cette sortie dans le Perche. Le soleil est au rendez-vous.<br>Le chauffeur nous am\u00e8ne \u00e0 notre premi\u00e8re \u00e9tape le ch\u00e2teau de la Guimandi\u00e8re \u00e0 la Poterie du Perche. Situ\u00e9 sur la RN 12 entre Verneuil et la Ventrouze, ce site \u00e9tait autrefois en limite du Duch\u00e9 de Normandie et du Royaume de France.<\/p>\n\n\n\n<figure class=\"wp-block-image size-large\"><a href=\"https:\/\/www.lesamisdelaigle.com\/wp-content\/uploads\/2023\/10\/DSC_0922-1-scaled.jpg\"><img loading=\"lazy\" decoding=\"async\" width=\"1024\" height=\"683\" src=\"https:\/\/www.lesamisdelaigle.com\/wp-content\/uploads\/2023\/10\/DSC_0922-1-1024x683.jpg\" alt=\"\" class=\"wp-image-3857\" srcset=\"https:\/\/www.lesamisdelaigle.com\/wp-content\/uploads\/2023\/10\/DSC_0922-1-1024x683.jpg 1024w, https:\/\/www.lesamisdelaigle.com\/wp-content\/uploads\/2023\/10\/DSC_0922-1-300x200.jpg 300w, https:\/\/www.lesamisdelaigle.com\/wp-content\/uploads\/2023\/10\/DSC_0922-1-768x512.jpg 768w, https:\/\/www.lesamisdelaigle.com\/wp-content\/uploads\/2023\/10\/DSC_0922-1-1536x1025.jpg 1536w, https:\/\/www.lesamisdelaigle.com\/wp-content\/uploads\/2023\/10\/DSC_0922-1-2048x1367.jpg 2048w\" sizes=\"auto, (max-width: 1024px) 100vw, 1024px\" \/><\/a><figcaption class=\"wp-element-caption\"><em>Ch\u00e2teau de La Guimandi\u00e8re<\/em><\/figcaption><\/figure>\n\n\n\n<p>A l\u2019extinction de la famille Rotrou en 1226, le Perche tombe entre les mains du Roi de France. A la Guimandi\u00e8re arrive la famille Tourneboeuf, anoblie dont les armes (trois t\u00eates de b\u0153ufs) figurent dans la chapelle.<br>Durant la guerre de cent ans (1337 -1453), la noblesse percheronne est an\u00e9antie lors des combats. A la fin de cette guerre la bourgeoisie urbaine noue des alliances matrimoniales avec les descendants de l\u2019ancienne noblesse militaire. Pr\u00e8s de 400 manoirs sont alors construits dans le Perche d\u00e8s le XV\u00e8me si\u00e8cle.<\/p>\n\n\n\n<p>En 1578, Fran\u00e7ois de La Vove (dont les lettres F et V apparaissent sur le panneau d\u2019une lucarne) fait construire un petit manoir de style rustique percheron avec un corps de logis et une tour ronde dans laquelle se trouve un bel escalier XVI\u00e8me. Il fera \u00e9galement construire une glaci\u00e8re. Cette famille s\u2019\u00e9teint vers 1760. Hypoth\u00e9qu\u00e9 et \u00e0 l\u2019abandon pendant 10 ans le manoir est rachet\u00e9 par le marquis de La Porte de Riantz. Il va l\u2019agrandir en lui adjoignant une fa\u00e7ade en \u00e9querre d\u00e9terminant sa dimension actuelle le transformant en ch\u00e2teau.<br>Au XIX\u00e8me Alexis le Venneur de Tilli\u00e8res en h\u00e9rite. En 1867 il le restaure en profondeur dans le style anglo-normand. Il remanie la fa\u00e7ade, rehausse la toiture y fait poser des ardoises (plus \u00e9l\u00e9gant que la tuile). Il ajoute au 3\u00e8me niveau 5 lucarnes chacune encadr\u00e9e par des pointes de dentelles de briques, le tout supprim\u00e9 depuis.<br>Jacques \u2013Fran\u00e7ois marquis de Chambray h\u00e9rite de la Guimandi\u00e8re et y \u00e9tablit son \u00e9quipage de chasse \u00e0 courre. Il meurt en1910 et le ch\u00e2teau \u00e9choit alors \u00e0 l\u2019un de ses amis Monsieur de La Palme avant d\u2019\u00eatre repris en 1954 par la famille Baggio qui occupe toujours le domaine.<br>Tel que se pr\u00e9sente \u00e0 nos yeux le ch\u00e2teau c\u2019est un beau b\u00e2timent avec dans sa partie gauche les restes du manoir XV\u00e8me et perpendiculairement l\u2019aile ajout\u00e9e au XVIII\u00e8me se terminant par une tour datant du XIX\u00e8me. Monsieur Baggio nous la fait contourner pour acc\u00e9der \u00e0 la fa\u00e7ade arri\u00e8re o\u00f9 le cr\u00e9pi simule un appareillage de briques. Au milieu de la fa\u00e7ade se trouve une tour carr\u00e9 surmont\u00e9e d\u2019un clocheton. A l\u2019extr\u00e9mit\u00e9 se trouve la chapelle d\u00e9cor\u00e9e d\u2019un superbe appareillage de briques et flanqu\u00e9e de deux \u00e9chauguettes.<\/p>\n\n\n\n<figure class=\"wp-block-image size-full\"><a href=\"https:\/\/www.lesamisdelaigle.com\/wp-content\/uploads\/2023\/10\/Chapelle-de-la-Guimandiere-1.jpg\"><img loading=\"lazy\" decoding=\"async\" width=\"666\" height=\"888\" src=\"https:\/\/www.lesamisdelaigle.com\/wp-content\/uploads\/2023\/10\/Chapelle-de-la-Guimandiere-1.jpg\" alt=\"\" class=\"wp-image-3869\" srcset=\"https:\/\/www.lesamisdelaigle.com\/wp-content\/uploads\/2023\/10\/Chapelle-de-la-Guimandiere-1.jpg 666w, https:\/\/www.lesamisdelaigle.com\/wp-content\/uploads\/2023\/10\/Chapelle-de-la-Guimandiere-1-225x300.jpg 225w\" sizes=\"auto, (max-width: 666px) 100vw, 666px\" \/><\/a><figcaption class=\"wp-element-caption\"><em>La chapelle de la Guimandi\u00e8re<\/em><\/figcaption><\/figure>\n\n\n\n<p>La glaci\u00e8re, toujours en \u00e9tat, se situe dans une belle tour ronde. Son plafond pr\u00e9sente une demi-sph\u00e8re parfaite taill\u00e9e dans du calcaire d\u2019Autheuil (\u00e0 6 km).<br>Les blocs de glace \u00e9taient pr\u00e9cipit\u00e9s dans la glaci\u00e8re dont le fond et les parois \u00e9taient recouverts de paille.<\/p>\n\n\n\n<p>A l\u2019issue de ce \u00ab&nbsp;tour du propri\u00e9taire&nbsp;\u00bb, n\u2019ayant pas trouv\u00e9 de caf\u00e9 pour accueillir notre groupe, nous faisons la pause-caf\u00e9 \u00e0 la Guimandi\u00e8re avec M.Baggio.<br>Nous remercions chaleureusement M.Baggio pour sa disponibilit\u00e9, la pr\u00e9sentation de ses documents illustrant ses commentaires sur l\u2019histoire du ch\u00e2teau et de la r\u00e9gion.<\/p>\n\n\n\n<p>Nous reprenons la route en direction de Corbon o\u00f9 se situe le Manoir de la Vove.<\/p>\n\n\n\n<p>Le propri\u00e9taire Monsieur Couvelaire nous accueille et nous offre l\u2019acc\u00e8s \u00e0 la cour.<br>Nous sommes face \u00e0 l\u2019un des plus beaux manoirs du Perche, un exemple tr\u00e8s remarquable de&nbsp;\u00ab&nbsp;pourpris&nbsp;\u00bb&nbsp;: quadrilat\u00e8re fortifi\u00e9 ceint de murs \u00e0 l\u2019int\u00e9rieur duquel se dresse le logis<\/p>\n\n\n\n<figure class=\"wp-block-image size-large\"><img loading=\"lazy\" decoding=\"async\" width=\"1024\" height=\"768\" src=\"https:\/\/www.lesamisdelaigle.com\/wp-content\/uploads\/2023\/10\/IMG_20220226_111700-1-1024x768.jpg\" alt=\"\" class=\"wp-image-3870\" srcset=\"https:\/\/www.lesamisdelaigle.com\/wp-content\/uploads\/2023\/10\/IMG_20220226_111700-1-1024x768.jpg 1024w, https:\/\/www.lesamisdelaigle.com\/wp-content\/uploads\/2023\/10\/IMG_20220226_111700-1-300x225.jpg 300w, https:\/\/www.lesamisdelaigle.com\/wp-content\/uploads\/2023\/10\/IMG_20220226_111700-1-768x576.jpg 768w, https:\/\/www.lesamisdelaigle.com\/wp-content\/uploads\/2023\/10\/IMG_20220226_111700-1-1536x1152.jpg 1536w, https:\/\/www.lesamisdelaigle.com\/wp-content\/uploads\/2023\/10\/IMG_20220226_111700-1-2048x1536.jpg 2048w, https:\/\/www.lesamisdelaigle.com\/wp-content\/uploads\/2023\/10\/IMG_20220226_111700-1-400x300.jpg 400w\" sizes=\"auto, (max-width: 1024px) 100vw, 1024px\" \/><figcaption class=\"wp-element-caption\"><em>Manoir de la Vove<\/em><\/figcaption><\/figure>\n\n\n\n<p>Le donjon, \u00e9l\u00e9ment le plus ancien date du XIV\u00e8me, vestige de la place forte int\u00e9rieure, remani\u00e9 au XVI\u00e8me et perc\u00e9 de fen\u00eatres.<br>La tour octogonale du XV\u00e8me, l\u00e9g\u00e8rement plus haute que le donjon, loge un admirable escalier \u00e0 vis h\u00e9lico\u00efdal. Cette tour est flanqu\u00e9e de la traditionnelle tourelle cylindrique en encorbellement. La porte d\u2019acc\u00e8s est orn\u00e9e d\u2019un encadrement flamboyant de choux fris\u00e9s.<br>Nous faisons le tour du manoir avec le propri\u00e9taire et son chien.<br>Nous admirons le corps de logis XV\u00e8me qui jouxte le donjon et la tour. Une longue aile du XVII\u00e8me, inachev\u00e9e, s\u2019\u00e9tend en \u00e9querre.<\/p>\n\n\n\n<figure class=\"wp-block-image size-large\"><a href=\"https:\/\/www.lesamisdelaigle.com\/wp-content\/uploads\/2023\/10\/DSC_0938-1-scaled.jpg\"><img loading=\"lazy\" decoding=\"async\" width=\"1024\" height=\"683\" src=\"https:\/\/www.lesamisdelaigle.com\/wp-content\/uploads\/2023\/10\/DSC_0938-1-1024x683.jpg\" alt=\"\" class=\"wp-image-3871\" srcset=\"https:\/\/www.lesamisdelaigle.com\/wp-content\/uploads\/2023\/10\/DSC_0938-1-1024x683.jpg 1024w, https:\/\/www.lesamisdelaigle.com\/wp-content\/uploads\/2023\/10\/DSC_0938-1-300x200.jpg 300w, https:\/\/www.lesamisdelaigle.com\/wp-content\/uploads\/2023\/10\/DSC_0938-1-768x512.jpg 768w, https:\/\/www.lesamisdelaigle.com\/wp-content\/uploads\/2023\/10\/DSC_0938-1-1536x1025.jpg 1536w, https:\/\/www.lesamisdelaigle.com\/wp-content\/uploads\/2023\/10\/DSC_0938-1-2048x1367.jpg 2048w\" sizes=\"auto, (max-width: 1024px) 100vw, 1024px\" \/><\/a><\/figure>\n\n\n\n<p><em>Aile du XVII\u00e8me, perpendiculaire au corps du logis<\/em><\/p>\n\n\n\n<p>Un peu d\u2019histoire&nbsp;:<br>Les seigneurs de la Vove \u00e9taient parmi les plus puissants du Perche. Pierre de la Vove \u00e9pouse en 1456 Michelle de Tourneboeuf (familles cit\u00e9es lors de la visite de la Guimandi\u00e8re.)<br>Marie de la Vove derni\u00e8re descendante \u00e9pouse le marquis de Langan. C\u2019est lui qui fit construire la grande d\u2019aile \u00e0 deux \u00e9tages puis il mit le manoir en vente. Le manoir aura \u00e9tait conserv\u00e9 par la famille de la Vove jusqu\u2019en 1765.<br>Une veuve accus\u00e9e de cacher des chouans provoqua la vente de la Vove comme bien d\u2019\u00e9migr\u00e9s.<br>Le domaine fragment\u00e9 devient une ferme o\u00f9 les arbres sont coup\u00e9s. C\u2019est le professeur Couvelaire qui en 1970 ach\u00e8te le Manoir en tr\u00e8s mauvais \u00e9tat avec seulement 5 hectares de terre. Avec passion, il consacrera sa vie avec ses fils \u00e0 lui redonner sa splendeur et \u00e0 reconstituer le domaine en reboisant et en rachetant des terres.<\/p>\n\n\n\n<p>Nous remercions le propri\u00e9taire et nous dirigeons vers la Chapelle Montligeon pour le repas \u00abAu Montligeon\u00bb.<\/p>\n\n\n\n<p>A 15h nous avons rendez-vous au sud-est de Bell\u00eame au ch\u00e2teau des Feugerets.<\/p>\n\n\n\n<figure class=\"wp-block-image size-full\"><a href=\"https:\/\/www.lesamisdelaigle.com\/wp-content\/uploads\/2023\/10\/Chateau-des-Feugerets.jpg\"><img loading=\"lazy\" decoding=\"async\" width=\"1024\" height=\"683\" src=\"https:\/\/www.lesamisdelaigle.com\/wp-content\/uploads\/2023\/10\/Chateau-des-Feugerets.jpg\" alt=\"\" class=\"wp-image-3861\" srcset=\"https:\/\/www.lesamisdelaigle.com\/wp-content\/uploads\/2023\/10\/Chateau-des-Feugerets.jpg 1024w, https:\/\/www.lesamisdelaigle.com\/wp-content\/uploads\/2023\/10\/Chateau-des-Feugerets-300x200.jpg 300w, https:\/\/www.lesamisdelaigle.com\/wp-content\/uploads\/2023\/10\/Chateau-des-Feugerets-768x512.jpg 768w\" sizes=\"auto, (max-width: 1024px) 100vw, 1024px\" \/><\/a><figcaption class=\"wp-element-caption\"><em>Le ch\u00e2teau des Feugerets<\/em><\/figcaption><\/figure>\n\n\n\n<p>Le ch\u00e2teau, IMSH, a \u00e9t\u00e9 rachet\u00e9 en 2018 par un jeune propri\u00e9taire Monsieur Fautrelle de Fondaumi\u00e8re qui l\u2019a r\u00e9cemment ouvert \u00e0 la visite apr\u00e8s l\u2019avoir remeubl\u00e9.<br>Monsieur de Fautrelle de Fondaumi\u00e8re nous accueille au pied du ch\u00e2teau et nous pr\u00e9sente l\u2019historique, l\u2019agencement et l\u2019architecture de ce domaine.<\/p>\n\n\n\n<p>Fief du gouverneur de Bell\u00eame, ce ch\u00e2teau construit entre 1550 et 1570, en hauteur, bien visible de la route reprend les \u00e9l\u00e9ments d\u2019un ch\u00e2teau m\u00e9di\u00e9val pr\u00e9existant. Le donjon de 1500 et la grosse tour dite de la Barbe \u00e0 usage de colombier en sont les vestiges principaux ainsi qu\u2019une tourelle avec canonni\u00e8re. Entour\u00e9 de douves s\u00e8ches (fosses de d\u00e9fense) on imagine la vocation d\u00e9fensive de ce premier ch\u00e2teau.<br>Au pied du ch\u00e2teau se situe la \u00abbasse-cour\u00bb o\u00f9 deux pavillons XVI\u00e8me couverts de tuiles (l\u2019ardoise plus noble \u00e9tant r\u00e9serv\u00e9e au ch\u00e2teau) servaient de d\u00e9pendances.<br>Depuis la basse-cour par un escalier en fer \u00e0 cheval \u00e0 nous acc\u00e9dons \u00e0 la terrasse. Cette terrasse \u00e0 balustres cr\u00e9\u00e9e post\u00e9rieurement donne une superbe vue sur les alentours.<\/p>\n\n\n\n<figure class=\"wp-block-image size-large\"><img loading=\"lazy\" decoding=\"async\" width=\"1024\" height=\"603\" src=\"https:\/\/www.lesamisdelaigle.com\/wp-content\/uploads\/2023\/10\/Terrasse-a-balustres-a-lentree-du-chateau-1024x603.jpg\" alt=\"\" class=\"wp-image-3862\" srcset=\"https:\/\/www.lesamisdelaigle.com\/wp-content\/uploads\/2023\/10\/Terrasse-a-balustres-a-lentree-du-chateau-1024x603.jpg 1024w, https:\/\/www.lesamisdelaigle.com\/wp-content\/uploads\/2023\/10\/Terrasse-a-balustres-a-lentree-du-chateau-300x177.jpg 300w, https:\/\/www.lesamisdelaigle.com\/wp-content\/uploads\/2023\/10\/Terrasse-a-balustres-a-lentree-du-chateau-768x452.jpg 768w, https:\/\/www.lesamisdelaigle.com\/wp-content\/uploads\/2023\/10\/Terrasse-a-balustres-a-lentree-du-chateau.jpg 1048w\" sizes=\"auto, (max-width: 1024px) 100vw, 1024px\" \/><\/figure>\n\n\n\n<p><em>Terrasse \u00e0 balustres \u00e0 l\u2019entr\u00e9e du ch\u00e2teau<\/em><\/p>\n\n\n\n<p>Au XIX\u00e8me le ch\u00e2teau est remani\u00e9 dans le style troubadour \u00e0 la demande du marquis de Broc. Il transforme par exemple cinq lucarnes en fen\u00eatres \u00e0 meneaux.<\/p>\n\n\n\n<p>Sur l\u2019autre fa\u00e7ade on voit les armes des Feugerets (foug\u00e8res et couronne de marquis). Le domaine sera \u00e9rig\u00e9 en marquisat sous Louis XIV et Aimery des Feugerets, ma\u00eetre des chasses, peut s\u2019enorgueillir d\u2019avoir re\u00e7u \u00e0 plusieurs reprises le grand dauphin fils de Louis XIV.  Sur cette fa\u00e7ade on note une avanc\u00e9e arrondi aux ardoises taill\u00e9es en \u00e9cailles.<\/p>\n\n\n\n<figure class=\"wp-block-image size-large\"><a href=\"https:\/\/www.lesamisdelaigle.com\/wp-content\/uploads\/2023\/10\/DSC_0972-1-scaled.jpg\"><img loading=\"lazy\" decoding=\"async\" width=\"1024\" height=\"683\" src=\"https:\/\/www.lesamisdelaigle.com\/wp-content\/uploads\/2023\/10\/DSC_0972-1-1024x683.jpg\" alt=\"\" class=\"wp-image-3863\" srcset=\"https:\/\/www.lesamisdelaigle.com\/wp-content\/uploads\/2023\/10\/DSC_0972-1-1024x683.jpg 1024w, https:\/\/www.lesamisdelaigle.com\/wp-content\/uploads\/2023\/10\/DSC_0972-1-300x200.jpg 300w, https:\/\/www.lesamisdelaigle.com\/wp-content\/uploads\/2023\/10\/DSC_0972-1-768x512.jpg 768w, https:\/\/www.lesamisdelaigle.com\/wp-content\/uploads\/2023\/10\/DSC_0972-1-1536x1025.jpg 1536w, https:\/\/www.lesamisdelaigle.com\/wp-content\/uploads\/2023\/10\/DSC_0972-1-2048x1367.jpg 2048w\" sizes=\"auto, (max-width: 1024px) 100vw, 1024px\" \/><\/a><\/figure>\n\n\n\n<p><em>La fa\u00e7ade arri\u00e8re du ch\u00e2teau<\/em><\/p>\n\n\n\n<p>Par mariage le ch\u00e2teau passe des Feugerets \u00e0 la famille de Semall\u00e9 puis au XIX\u00e8me au de Broc puis au de Romanet.<br>Le propri\u00e9taire et une guide nous accompagnent pour la visite int\u00e9rieure. Nous entrons dans le ch\u00e2teau par un premier salon, cabinet de curiosit\u00e9s o\u00f9 tr\u00f4nent du marquis de Broc. En enfilade un deuxi\u00e8me salon de 75m2 aux boiseries bleues de chine d\u2019\u00e9poque Louis XVI, puis la salle \u00e0 manger avec ses tomettes 15&#215;15 aux motifs rouges et noirs, ses boiseries Louis XV et son po\u00eale alsacien. Nous traversons le vestibule d\u2019honneur et passons par le corridor des troph\u00e9es.<br>A l\u2019\u00e9tage le propri\u00e9taire nous montre le plan terrier de 1660 au mur de la galerie.<br>Le jardin \u00e0 la fran\u00e7aise avec ses pi\u00e8ces d\u2019eau, ses bosquets, connu par ce plan terrier est remplac\u00e9 \u00e0 cette m\u00eame \u00e9poque par un jardin \u00e0 l\u2019anglaise compl\u00e9t\u00e9 par une orangerie. De beaux arbres datent de cette p\u00e9riode.<br>Apr\u00e8s une promenade dans le Parc nous terminons cette visite par la tour de l\u2019abb\u00e9&nbsp;: Oratoire qui constituait la chambre de l\u2019abb\u00e9 qui vivait de fa\u00e7on permanente au ch\u00e2teau comme pr\u00e9cepteur et confesseur.<\/p>\n\n\n\n<figure class=\"wp-block-image size-large\"><a href=\"https:\/\/www.lesamisdelaigle.com\/wp-content\/uploads\/2023\/10\/DSC_0973-1-scaled.jpg\"><img loading=\"lazy\" decoding=\"async\" width=\"1024\" height=\"683\" src=\"https:\/\/www.lesamisdelaigle.com\/wp-content\/uploads\/2023\/10\/DSC_0973-1-1024x683.jpg\" alt=\"\" class=\"wp-image-3864\" srcset=\"https:\/\/www.lesamisdelaigle.com\/wp-content\/uploads\/2023\/10\/DSC_0973-1-1024x683.jpg 1024w, https:\/\/www.lesamisdelaigle.com\/wp-content\/uploads\/2023\/10\/DSC_0973-1-300x200.jpg 300w, https:\/\/www.lesamisdelaigle.com\/wp-content\/uploads\/2023\/10\/DSC_0973-1-768x512.jpg 768w, https:\/\/www.lesamisdelaigle.com\/wp-content\/uploads\/2023\/10\/DSC_0973-1-1536x1025.jpg 1536w, https:\/\/www.lesamisdelaigle.com\/wp-content\/uploads\/2023\/10\/DSC_0973-1-2048x1367.jpg 2048w\" sizes=\"auto, (max-width: 1024px) 100vw, 1024px\" \/><\/a><\/figure>\n\n\n\n<p><em>Monsieur Fautrelle de Fondaumi\u00e8re<br>nous pr\u00e9sentant la fa\u00e7ade arri\u00e8re du ch\u00e2teau<\/em><\/p>\n\n\n\n<p>Nous remercions le propri\u00e9taire pour cette visite comment\u00e9e de ce tr\u00e8s beau domaine et nous reprenons le car pour Noc\u00e9.<\/p>\n\n\n\n<p>A Noc\u00e9, au Manoir de Lormarin nous sommes accueillis par son propri\u00e9taire Monsieur Alban Cristin. Il nous explique l\u2019origine du nom du Manoir, nous d\u00e9cline les diff\u00e9rents propri\u00e9taires et nous propose la chronologie de la construction.<\/p>\n\n\n\n<figure class=\"wp-block-image size-full\"><a href=\"https:\/\/www.lesamisdelaigle.com\/wp-content\/uploads\/2023\/10\/Manoir-de-Lormarin.jpg\"><img loading=\"lazy\" decoding=\"async\" width=\"980\" height=\"655\" src=\"https:\/\/www.lesamisdelaigle.com\/wp-content\/uploads\/2023\/10\/Manoir-de-Lormarin.jpg\" alt=\"\" class=\"wp-image-3865\" srcset=\"https:\/\/www.lesamisdelaigle.com\/wp-content\/uploads\/2023\/10\/Manoir-de-Lormarin.jpg 980w, https:\/\/www.lesamisdelaigle.com\/wp-content\/uploads\/2023\/10\/Manoir-de-Lormarin-300x201.jpg 300w, https:\/\/www.lesamisdelaigle.com\/wp-content\/uploads\/2023\/10\/Manoir-de-Lormarin-768x513.jpg 768w\" sizes=\"auto, (max-width: 980px) 100vw, 980px\" \/><\/a><figcaption class=\"wp-element-caption\"><em>Manoir de Lormarin<\/em><\/figcaption><\/figure>\n\n\n\n<p>En 1565 Jean-Ren\u00e9 de la Bretonni\u00e8re, h\u00e9rite d\u2019une terre sur laquelle il fait \u00e9difier un premier manoir avec deux tours dans la diagonale, ce proclamant alors Sieur de Lormarin. Il \u00e9pouse ensuite Anne Gravelle qui a d\u00e9j\u00e0 deux enfants. Ils en auront deux autres et il faut alors agrandir la demeure tout en se prot\u00e9geant des dangers de l\u2019\u00e9poque. A ce jour subsiste le pourpris (cour ferm\u00e9e et b\u00e2timents agricoles) ainsi que vingt-huit \u00e9l\u00e9ments d\u00e9fensifs (meurtri\u00e8res pour tirer \u00e0 l\u2019arbal\u00e8te ou \u00e0 l\u2019arquebuse).<br>La sobri\u00e9t\u00e9 du d\u00e9cor ext\u00e9rieur peut s\u2019expliquer par leur religion protestante.<br>A l\u2019\u00e9poque l\u2019habitat \u00e9tait partag\u00e9 entre le propri\u00e9taire et son fermier&nbsp;: le propri\u00e9taire au premier, le fermier au rez-de-chauss\u00e9e.<br>Ce fut ensuite Jacques Tascher de la Pagerie (lointain cousin de Jos\u00e9phine, \u00e9pouse de Bonaparte) qui fut Sieur de Lormarin. En 1662 il vend Lormarin aux Turpin. Pierre-Philippe le modernise dans le go\u00fbt du XVII\u00e8me.<br>En 1685 \u00e0 la r\u00e9vocation de l\u2019Edit de Nantes les tracasseries reprennent contre les protestants. Pierre-Philippe de Turpin d\u00e9c\u00e8de en 1701 et le manoir \u00e9choit \u00e0 Louise Esther Turpin mari\u00e9e \u00e0 Andr\u00e9 de Barville, seigneur de Noc\u00e9. Le Manoir est alors luxueusement meubl\u00e9, pourvu d\u2019une belle biblioth\u00e8que mais toutes les archives de cette \u00e9poque ont disparu.<br>A la R\u00e9volution Louis de Barville, le petit-fils \u00e9migre. Le Manoir est saisi et vendu \u00e0 Michel Branchard. A la mort de sa veuve Monsieur de Mesenge en h\u00e9rite et c\u2019est son fils qui revendra Lormarin en 1846 \u00e0 leur fermier Monsieur Cheret, puis le manoir est acquis par Monsieur et Madame Cristin en 1998.<br>Depuis Monsieur et Madame Cristin n\u2019ont de cesse de continuer l\u2019embellissement de ce beau domaine, par eux-m\u00eames.<br>Nous les remercions chaleureusement pour leur accueil, leur disponibilit\u00e9 et les explications<br>si int\u00e9ressantes de M.Cristin.<\/p>\n\n\n\n<figure class=\"wp-block-image size-large\"><a href=\"https:\/\/www.lesamisdelaigle.com\/wp-content\/uploads\/2023\/10\/DSC_0982-scaled.jpg\"><img loading=\"lazy\" decoding=\"async\" width=\"1024\" height=\"683\" src=\"https:\/\/www.lesamisdelaigle.com\/wp-content\/uploads\/2023\/10\/DSC_0982-1024x683.jpg\" alt=\"\" class=\"wp-image-3866\" srcset=\"https:\/\/www.lesamisdelaigle.com\/wp-content\/uploads\/2023\/10\/DSC_0982-1024x683.jpg 1024w, https:\/\/www.lesamisdelaigle.com\/wp-content\/uploads\/2023\/10\/DSC_0982-300x200.jpg 300w, https:\/\/www.lesamisdelaigle.com\/wp-content\/uploads\/2023\/10\/DSC_0982-768x512.jpg 768w, https:\/\/www.lesamisdelaigle.com\/wp-content\/uploads\/2023\/10\/DSC_0982-1536x1025.jpg 1536w, https:\/\/www.lesamisdelaigle.com\/wp-content\/uploads\/2023\/10\/DSC_0982-2048x1367.jpg 2048w\" sizes=\"auto, (max-width: 1024px) 100vw, 1024px\" \/><\/a><\/figure>\n\n\n\n<p><em>Monsieur Cristin avec le groupe des Amis de L\u2019Aigle devant le Manoir<\/em><\/p>\n","protected":false},"excerpt":{"rendered":"<p>Sortie du 26 juin 2022&nbsp;: Les Manoirs du Perche Nous sommes 48 participants \u00e0 monter dans le car pour cette sortie dans le Perche. Le soleil est au rendez-vous.Le chauffeur nous am\u00e8ne \u00e0 notre premi\u00e8re \u00e9tape le ch\u00e2teau de la Guimandi\u00e8re \u00e0 la Poterie du Perche. Situ\u00e9 sur la RN 12 entre Verneuil et la [&hellip;]<\/p>\n","protected":false},"author":1,"featured_media":0,"parent":0,"menu_order":0,"comment_status":"closed","ping_status":"closed","template":"","meta":{"footnotes":""},"class_list":["post-3853","page","type-page","status-publish","hentry"],"_links":{"self":[{"href":"https:\/\/www.lesamisdelaigle.com\/index.php?rest_route=\/wp\/v2\/pages\/3853","targetHints":{"allow":["GET"]}}],"collection":[{"href":"https:\/\/www.lesamisdelaigle.com\/index.php?rest_route=\/wp\/v2\/pages"}],"about":[{"href":"https:\/\/www.lesamisdelaigle.com\/index.php?rest_route=\/wp\/v2\/types\/page"}],"author":[{"embeddable":true,"href":"https:\/\/www.lesamisdelaigle.com\/index.php?rest_route=\/wp\/v2\/users\/1"}],"replies":[{"embeddable":true,"href":"https:\/\/www.lesamisdelaigle.com\/index.php?rest_route=%2Fwp%2Fv2%2Fcomments&post=3853"}],"version-history":[{"count":7,"href":"https:\/\/www.lesamisdelaigle.com\/index.php?rest_route=\/wp\/v2\/pages\/3853\/revisions"}],"predecessor-version":[{"id":3880,"href":"https:\/\/www.lesamisdelaigle.com\/index.php?rest_route=\/wp\/v2\/pages\/3853\/revisions\/3880"}],"wp:attachment":[{"href":"https:\/\/www.lesamisdelaigle.com\/index.php?rest_route=%2Fwp%2Fv2%2Fmedia&parent=3853"}],"curies":[{"name":"wp","href":"https:\/\/api.w.org\/{rel}","templated":true}]}}